*3 + 4*t**2 + 11*t - 4440. Give q(15).
0
Let u(r) = r**3 + 3*r**2 + 37*r + 593. Calculate u(-10).
-477
Let a(b) = 521282*b - 2606407. Calculate a(5).
3
Let m(n) = -4*n**3 + 11*n**2 - 71*n - 525. Determine m(-7).
1883
Let t(b) = 3*b**3 + 43*b**2 - 1124*b - 16400. Calculate t(-15).
10
Let j(r) = -r**2 + 1365*r + 8221. What is j(-6)?
-5
Let k(m) = -11*m**2 - 20*m + 128. Calculate k(-15).
-2047
Let j(g) = -2*g**2 + 5236*g + 142875. What is j(-27)?
45
Let d(m) = 225*m + 14835. Determine d(-66).
-15
Let n(a) = -8*a**2 - 1997*a + 31177. Calculate n(16).
-2823
Let d(i) = 118*i**2 + 4448*i + 11131. Determine d(-35).
1
Let c(g) = -13742*g + 5469297. Calculate c(398).
-19
Let z(y) = 3*y**3 + 33345*y**2 - 100065*y + 9. Determine z(3).
0
Let p(g) = 76*g**3 - 54*g - 101. Determine p(-2).
-601
Let p(u) = -5059*u + 5312. Determine p(1).
253
Let b(m) = 2*m**3 - 190*m**2 + 34*m - 1971. Determine b(95).
1259
Let f(o) = 635285*o - 15246833. Determine f(24).
7
Let v(w) = -187*w**2 - 8643*w - 40010. Calculate v(-41).
6
Let h(g) = -g**3 - 29*g**2 - 131*g - 1320. Calculate h(-26).
58
Let p(c) = -70265*c + 562122. What is p(8)?
2
Let g(n) = -9*n**3 + 209*n - 255. Calculate g(0).
-255
Let t(h) = 59*h**3 + 84*h**2 - 2*h + 3. Determine t(-2).
-129
Let y(w) = -3*w**3 + 55*w**2 + 37*w - 721. Give y(17).
1064
Let m(o) = 165*o**2 - 727*o + 696. Give m(3).
0
Let h(b) = 2*b**3 - 165*b**2 + 1372*b + 145. Give h(73).
-950
Let m(n) = -n**3 - 24*n**2 - 154*n - 258. Determine m(-11).
-137
Let l(x) = -x**3 - 43*x**2 - 450*x + 143. What is l(-24)?
-1
Let q(w) = -11*w**3 + 42*w**2 + 10*w - 86. Determine q(4).
-78
Let i(a) = 8*a**2 + 1242*a + 33561. What is i(-34)?
581
Let y(f) = -670*f + 4055. What is y(6)?
35
Let k(h) = 9*h**2 - 2012*h + 107167. Give k(136).
-1
Let d(f) = f**2 - 1441*f - 14560. Determine d(-10).
-50
Let o(g) = -2*g**2 + 3165*g + 234782. Give o(-71).
-15
Let f(g) = 54*g**2 - 1522*g - 5045. Give f(-3).
7
Let w(b) = 350*b**2 + 37797*b - 308. Calculate w(-108).
16
Let z(a) = -1584*a - 8317. Calculate z(-5).
-397
Let l(b) = b**2 - 119659*b - 837643. What is l(-7)?
19
Let d(j) = j**3 + 24*j**2 + 51*j + 230. Give d(-10).
1120
Let v(f) = 3*f**2 + 45*f + 515. Calculate v(18).
2297
Let a(k) = 16*k**2 + 107*k - 1023. Give a(9).
1236
Let y(s) = -26*s**2 + 6199*s + 3607. Determine y(239).
22
Let w(n) = 11787*n + 7119348. Give w(-604).
0
Let y(d) = 10*d**2 - 372*d - 4099. Determine y(-10).
621
Let y(v) = -v**3 + 59*v**2 - 380*v + 136. What is y(52)?
-696
Let w(q) = q**3 - 14*q**2 + 214*q - 1165. What is w(7)?
-10
Let p(f) = -8*f**3 - 121*f**2 - 1097*f - 16231. What is p(-15)?
-1
Let r(u) = 15*u**2 - 2742*u - 3175. What is r(184)?
137
Let h(n) = -1122*n - 966. Determine h(-1).
156
Let x(n) = 2169*n + 841544. What is x(-388)?
-28
Let c(y) = -402*y + 3510. Give c(7).
696
Let h(o) = o**3 + 13*o**2 - 7346*o - 29517. What is h(-4)?
11
Let r(s) = 128744*s - 2188665. What is r(17)?
-17
Let o(t) = -724*t - 86668. Calculate o(-120).
212
Let x(k) = -165*k + 22111. Determine x(133).
166
Let v(l) = l**2 - 232*l - 16356. Determine v(-56).
-228
Let v(f) = -754*f + 18072. Calculate v(24).
-24
Let k(v) = -57155*v - 57399. Determine k(-1).
-244
Let q(g) = g**2 - 6395*g - 57425. What is q(-9)?
211
Let r(p) = -202*p**3 + p**2 - 324*p + 324. What is r(1)?
-201
Let r(s) = 35324*s**2 - 211924*s - 142. Give r(6).
-22
Let h(t) = 22413*t + 470672. Give h(-21).
-1
Let y(h) = -6*h**2 + 4223*h + 16921. Determine y(-4).
-67
Let z(w) = -561*w - 39383. Calculate z(-70).
-113
Let n(l) = -1332*l - 156462. What is n(-117)?
-618
Let o(i) = -9*i**3 - 5076*i**2 - 5065*i + 1098. What is o(-563)?
-28
Let v(t) = -2*t**2 + 359*t - 15999. Give v(90).
111
Let b(q) = 3*q**2 + 70*q - 9748. Calculate b(-70).
52
Let f(r) = r**2 - 1216*r - 128795. Determine f(-98).
-23
Let n(h) = h**2 + 1629*h - 167409. Calculate n(97).
13
Let v(o) = 12*o**2 + 1556*o + 47930. Give v(-50).
130
Let b(i) = -18779*i + 262864. Determine b(14).
-42
Let f(v) = v**2 + 9*v - 356. Determine f(15).
4
Let m(q) = 28183*q + 28203. What is m(-1)?
20
Let s(w) = -1297*w + 418980. Determine s(323).
49
Let i(o) = -o**2 + 271*o - 17603. Calculate i(107).
-55
Let y(h) = h**3 + 41*h**2 + 164*h - 261. Calculate y(-36).
315
Let s(v) = 38*v**3 - v**2 + 39*v + 44. Calculate s(-5).
-4926
Let m(s) = s**3 + 68*s**2 + 321*s + 582. Calculate m(-63).
204
Let z(r) = -16*r**2 - 50*r + 8. What is z(-2)?
44
Let z(g) = -2*g**3 - 16*g**2 - 26*g - 2017. Calculate z(-13).
11
Let g(k) = -231*k**2 - 8081*k + 138. Determine g(-35).
-2
Let o(q) = -472*q - 30069. What is o(-63)?
-333
Let h(w) = 3*w**2 - 355*w - 8153. Calculate h(138).
-11
Let y(q) = -12126*q + 48473. Calculate y(4).
-31
Let k(y) = -519*y**2 + 150*y + 11. Give k(3).
-4210
Let q(h) = 1639*h - 576936. What is q(352)?
-8
Let p(a) = -2*a**3 - 298*a**2 + 8329*a + 4301. Give p(-173).
-24
Let m(l) = -l**2 + 5128*l - 66490. Calculate m(13).
5
Let z(l) = -5*l**3 + 99*l**2 + 88*l - 12. What is z(-1)?
4
Let o(j) = 5*j**2 - 837*j - 12708. Give o(-14).
-10
Let y(d) = 2259*d - 4554. Give y(2).
-36
Let s(m) = 29763*m**2 + 89255*m - 4. Give s(-3).
98
Let j(k) = k**3 + 16*k**2 - 165*k - 113. Determine j(-23).
-21
Let u(x) = -5*x**3 + 25*x**2 + 847*x - 4235. Give u(5).
0
Let w(t) = -10*t**3 + 918*t**2 + 188*t - 389. Calculate w(92).
-21
Let z(v) = 12*v**2 + 368*v + 326. What is z(-25)?
-1374
Let y(r) = -1984*r + 129060. Determine y(65).
100
Let x(h) = -61334*h + 122696. Calculate x(2).
28
Let n(y) = -400*y + 529. Determine n(3).
-671
Let i(j) = -j**3 - 4527*j**2 - 94632*j - 27. What is i(-21)?
99
Let l(x) = 29*x**2 - 1523*x - 3965. What is l(55)?
-5
Let n(f) = -36*f**3 + 613*f**2 - 47*f + 484. Determine n(17).
-26
Let w(n) = -n**3 + 99*n**2 + 178*n + 2643. Give w(101).
219
Let d(m) = -365*m - 7303. Give d(-20).
-3
Let n(b) = -2*b**3 - 6431*b**2 + 12870*b + 1. Determine n(2).
1
Let d(m) = 2*m**2 + 146*m + 4068. What is d(-46)?
1584
Let w(y) = 2038*y - 22410. Determine w(11).
8
Let a(c) = 1331*c - 300809. Give a(226).
-3
Let r(d) = 5*d**3 + 79*d**2 - 158*d - 909. Give r(-17).
43
Let o(f) = -49*f**2 - 633*f + 5292. Give o(-19).
-370
Let i(z) = 7*z**2 - 64*z + 546. What is i(14)?
1022
Let h(k) = k**2 - 248*k - 45286. Determine h(-120).
-1126
Let d(x) = -x**3 + 6*x**2 - 1072*x + 4227. Give d(4).
-29
Let d(i) = -3*i**2 + 271*i - 524. What is d(2)?
6
Let p(n) = -n**2 - 175*n - 8516. What is p(-92)?
-880
Let t(p) = -18*p**2 + 796384*p + 796392. Give t(-1).
-10
Let l(r) = -837*r + 41003. Calculate l(49).
-10
Let y(s) = -2*s**3 + 155*s**2 + 76*s + 44. What is y(78)?
-112
Let r(g) = 311*g + 7801. Determine r(-24).
337
Let p(v) = 4*v**3 + 50*v**2 + 8*v + 396. Calculate p(-13).
-46
Let y(f) = f**2 + 474*f + 53117. Calculate y(-183).
-136
Let i(x) = 16*x**2 - 1662*x + 9441. Give i(6).
45
Let z(d) = -5149*d + 36017. Give z(7).
-26
Let n(h) = -507*h - 43613. Determine n(-86).
-11
Let c(g) = 2357*g + 3907923. Give c(-1658).
17
Let s(g) = -85147*g - 3235624. Determine s(-38).
-38
Let c(d) = 3377*d - 70799. What is c(21)?
118
Let d(m) = 2*m**2 + 191*m - 150. Give d(-96).
-54
Let q(p) = 1700*p**2 - 18699*p - 8. What is q(11)?
3
Let p(r) = -54005*r - 108111. What is p(-2)?
-101
Let n(m) = -7774*m + 186563. Give n(24).
-13
Let i(a) = 6*a**3 + 351*a**2 + 2288*a - 80. What is i(-51)?
277
Let r(m) = 4591279*m + 4591288. Give r(-1).
9
Let l(x) = 22*x**3 - 5586*x**2 - 565*x + 14472. Calculate l(254).
-6
Let g(i) = -1166*i - 2174. Calculate g(-2).
158
Let d(i) = -2*i**3 - 709*i**2 - 2362*i + 33232. Give d(-351).
-113
Let u(w) = -6*w**2 + 11600*w - 73232. Calculate u(1927).
-6
Let o(y) = 8178*y**2 + 188106*y + 285. Give o(-23).
9
Let u(x) = -x**2 + 90*x + 1005. What is u(-14)?
-451
Let u(g) = 10*g**3 + 25*g**2 - 50*g + 37. Calculate u(3).
382
Let b(p) = -2087*p + 42421. Determine b(21).
-1406
Let b(i) = i**2 - 98*i + 1366. Give b(73).
-459
Let u(f) = -156*f**2 + 81*f - 106. What is u(2)?
-568
Let u(v) = -95*v**2 + 373*v - 702. Give u(2).
-336
Let y(c) = c**2 + 5341*c - 37428. Determine y(7).
8
Let r(z) = -5*z**2 - 1529*z - 9908. What is r(-299)?
258
Let z(d) = -d**3 + 205*d**2 - 5398*d - 8. Calculate z(174).
-704
Let x(v) = 113*v**2 - 1502*v + 505. Give x(13).
76
Let t(x) = 294*x**2 + 483*x - 972. Determine t(2).
1170
Let n(x) = x**2 - 4*x - 543. Give n(-27).
294
L